
Is 15673 a prime number?
False
Is 3763 a composite number?
True
Is 2533127 a prime number?
True
Is 20873 a prime number?
True
Is 2836729 a prime number?
False
Is 529 prime?
False
Is 8779 composite?
False
Is 1004401 composite?
False
Is 39341 prime?
True
Is 3163 prime?
True
Is 1807 composite?
True
Is 74845 a composite number?
True
Is 443771 composite?
False
Is 638119 a composite number?
True
Is 786241 composite?
False
Is 36761 prime?
True
Is 19489 a composite number?
False
Is 52223 prime?
True
Is 33717 a prime number?
False
Is 13093 a prime number?
True
Is 664457 composite?
True
Is 11519 a prime number?
True
Is 829657 a composite number?
False
Is 15073 composite?
False
Is 106 a prime number?
False
Is 65761 a prime number?
True
Is 27143 prime?
True
Is 109294 a prime number?
False
Is 24643 a composite number?
True
Is 1277 a prime number?
True
Is 1623 a composite number?
True
Is 11273 prime?
True
Is 372397 composite?
False
Is 593767 a composite number?
False
Is 11881 a prime number?
False
Is 26615 composite?
True
Is 28807 a composite number?
False
Is 7499 a prime number?
True
Is 724879 prime?
True
Is 18355 prime?
False
Is 27007 a composite number?
True
Is 4769 a prime number?
False
Is 110119 a composite number?
False
Is 24239 composite?
False
Is 32909 a composite number?
False
Is 55799 composite?
False
Is 2893637 prime?
True
Is 8499 composite?
True
Is 162179 a composite number?
True
Is 5587 composite?
True
Is 48181 composite?
True
Is 635 composite?
True
Is 17183 prime?
True
Is 24287 prime?
False
Is 518051 a prime number?
False
Is 43487 composite?
False
Is 158257 composite?
True
Is 27845 a composite number?
True
Is 71429 a composite number?
False
Is 1800853 prime?
True
Is 42259 a composite number?
True
Is 3659 prime?
True
Is 58469 a composite number?
True
Is 518023 a composite number?
True
Is 72739 composite?
False
Is 28997 composite?
True
Is 455461 prime?
True
Is 1424239 composite?
True
Is 108221 prime?
False
Is 38869 prime?
False
Is 18899 a composite number?
False
Is 54001 a composite number?
False
Is 72691 prime?
False
Is 79253 a prime number?
False
Is 120193 a composite number?
False
Is 3241 a prime number?
False
Is 59387 composite?
False
Is 13589 a prime number?
False
Is 1055801 a prime number?
True
Is 471715 a composite number?
True
Is 359657 composite?
False
Is 115361 a composite number?
False
Is 150386 a prime number?
False
Is 10747 a prime number?
False
Is 10379 prime?
False
Is 1437 prime?
False
Is 6071 a composite number?
True
Is 887 prime?
True
Is 76561 a composite number?
False
Is 399233 a prime number?
False
Is 329863 a prime number?
True
Is 31981 a composite number?
False
Is 408743 a prime number?
True
Is 5581 composite?
False
Is 539249 composite?
True
Is 156509 composite?
True
Is 2935 a composite number?
True
Is 2859 prime?
False
Is 60029 composite?
False
Is 2881 composite?
True
Is 9895 composite?
True
Is 222899 composite?
True
Is 45007 a prime number?
True
Is 1011215 a prime number?
False
Is 11441 a composite number?
True
Is 55969 a composite number?
True
Is 45161 prime?
True
Is 19519 a prime number?
False
Is 3449299 prime?
False
Is 13669 composite?
False
Is 594629 a prime number?
False
Is 245923 composite?
True
Is 84614 composite?
True
Is 9491 a composite number?
False
Is 9287 composite?
True
Is 111071 composite?
True
Is 790709 prime?
True
Is 21871 a composite number?
False
Is 46423 a composite number?
True
Is 12071 prime?
True
Is 1437451 a composite number?
False
Is 62417 a prime number?
True
Is 818 composite?
True
Is 2216839 prime?
True
Is 136361 composite?
False
Is 726067 composite?
True
Is 15349 prime?
True
Is 8765 prime?
False
Is 7841 a composite number?
False
Is 118841 a composite number?
True
Is 802 a prime number?
False
Is 3011 composite?
False
Is 56659 composite?
False
Is 35897 prime?
True
Is 3298519 a prime number?
False
Is 2521 prime?
True
Is 1961 prime?
False
Is 34211 composite?
False
Is 19781 prime?
False
Is 339 prime?
False
Is 13085 composite?
True
Is 4267 a prime number?
False
Is 1066493 prime?
False
Is 50671 a composite number?
False
Is 21737 a prime number?
True
Is 75377 prime?
True
Is 347489 a composite number?
False
Is 37918 composite?
True
Is 593857 composite?
True
Is 31091 composite?
False
Is 13465 composite?
True
Is 71899 a prime number?
True
Is 1901 a prime number?
True
Is 703631 a composite number?
False
Is 26899 composite?
True
Is 1243 a composite number?
True
Is 3749257 composite?
False
Is 2129 composite?
False
Is 63185 a composite number?
True
Is 121219 a prime number?
False
Is 44483 composite?
False
Is 3389 a prime number?
True
Is 2845 composite?
True
Is 3935 a composite number?
True
Is 15619 a prime number?
True
Is 8879 a prime number?
False
Is 103073 a prime number?
False
Is 148573 a prime number?
True
Is 65371 a composite number?
False
Is 28459 a prime number?
False
Is 26927 a composite number?
False
Is 128657 composite?
False
Is 826453 prime?
True
Is 9803 a composite number?
False
Is 20593 a prime number?
True
Is 182333 a composite number?
False
Is 35057 a composite number?
True
Is 1671 a prime number?
False
Is 78293 prime?
False
Is 2308697 a prime number?
False
Is 13561 a composite number?
True
Is 1199 prime?
False
Is 298283 a composite number?
False
Is 3763 prime?
False
Is 315541 a composite number?
True
Is 31307 prime?
True
Is 318397 prime?
False
Is 1004161 a prime number?
True
Is 15493 a prime number?
True
Is 182939 a composite number?
True
Is 3418 a composite number?
True
Is 176263 composite?
True
Is 18707 composite?
True
Is 2705 a composite number?
True
Is 32738 prime?
False
Is 766609 composite?
False
Is 13561 a composite number?
True
Is 164111 prime?
False
Is 323951 a prime number?
True
Is 161767 prime?
False
Is 24499 a prime number?
True
Is 335477 composite?
False
Is 3223186 a composite number?
True
Is 46381 composite?
False
Is 34739 a composite number?
False
Is 41889 a composite number?
True
Is 2558 a prime number?
False
Is 119147 a composite number?
True
Is 717397 composite?
False
Is 168869 prime?
True
Is 31 a prime number?
True
Is 68141 prime?
True
Is 47233 a prime number?
False
Is 168059 prime?
False
Is 9090811 a prime number?
True
Is 88393 a composite number?
True
Is 2017 prime?
True
Is 31765 a composite number?
True
Is 22381 a prime number?
True
Is 1087 composite?
False
Is 3130279 a prime number?
True
Is 103507 prime?
False
Is 135251 composite?
True
Is 10277 prime?
False
Is 86782 a composite number?
True
Is 284111 a prime number?
True
Is 122411 a prime number?
False
Is 527 a composite number?
True
Is 34373 composite?
True
Is 22901 prime?
True
Is 513631 a composite number?
False
Is 531901 a prime number?
True
Is 25611 a prime number?
False
Is 369221 prime?
False
Is 2563163 a composite number?
True
Is 535921 composite?
True
Is 37769 composite?
True
Is 199097 a composite number?
True
Is 8079 a composite number?
True
Is 323 a composite number?
True
Is 27743 a prime number?
True
Is 19339 a prime number?
False
Is 5147 composite?
False
Is 59333 composite?
False
Is 101597 prime?
False
Is 28511 prime?
False
Is 2453 a composite number?
True
Is 2497 a composite number?
True
Is 66169 composite?
False
Is 10265 prime?
False
Is 68269 a prime number?
False
Is 289099 prime?
True
Is 15893 a composite number?
True
Is 40421 a composite number?
True
Is 8717 composite?
True
Is 317693 composite?
False
Is 371689 composite?
True
Is 958 a composite number?
True
Is 1546901 prime?
True
Is 749863 a composite number?
False
Is 3836273 a prime number?
False
Is 238141 a composite number?
False
Is 93089 composite?
False
Is 135517 prime?
False
Is 158291 prime?
False
Is 6031 a prime number?
False
Is 11893 a composite number?
True
Is 12827 prime?
False
Is 291685 a composite number?
True
Is 180935 a prime number?
False
Is 59338 a composite number?
True
Is 452771 a composite number?
True
Is 124546 composite?
True
Is 28637 prime?
False
Is 84671 a prime number?
False
Is 77317 composite?
False
Is 1151545 composite?
True
Is 1037741 prime?
True
Is 248033 a prime number?
True
Is 4637 composite?
False
Is 2203 composite?
False
Is 35459 composite?
True
Is 10294 a composite number?
True
Is 6317 prime?
True
Is 451897 prime?
True
Is 1812637 a composite number?
True
Is 7451 composite?
False
Is 1062239 a prime number?
False
Is 59321 